{"id":42,"date":"2021-04-06T14:33:15","date_gmt":"2021-04-06T13:33:15","guid":{"rendered":"https:\/\/agentur-fuer-immobilien.com\/?page_id=42"},"modified":"2021-04-20T10:51:39","modified_gmt":"2021-04-20T09:51:39","slug":"referenzen","status":"publish","type":"page","link":"https:\/\/agentur-fuer-immobilien.com\/index.php\/referenzen\/","title":{"rendered":"Referenzen"},"content":{"rendered":"\t\t<div data-elementor-type=\"wp-page\" data-elementor-id=\"42\" class=\"elementor elementor-42\">\n\t\t\t\t\t\t<section class=\"elementor-section elementor-top-section elementor-element elementor-element-7c020a6 elementor-section-boxed elementor-section-height-default elementor-section-height-default\" data-id=\"7c020a6\" data-element_type=\"section\" data-e-type=\"section\">\n\t\t\t\t\t\t<div class=\"elementor-container elementor-column-gap-default\">\n\t\t\t\t\t<div class=\"elementor-column elementor-col-100 elementor-top-column elementor-element elementor-element-a8a7459\" data-id=\"a8a7459\" data-element_type=\"column\" data-e-type=\"column\">\n\t\t\t<div class=\"elementor-widget-wrap elementor-element-populated\">\n\t\t\t\t\t\t<div class=\"elementor-element elementor-element-8b3c22b elementor-widget elementor-widget-wp-widget-master-slider-main-widget\" data-id=\"8b3c22b\" data-element_type=\"widget\" data-e-type=\"widget\" data-widget_type=\"wp-widget-master-slider-main-widget.default\">\n\t\t\t\t<div class=\"elementor-widget-container\">\n\t\t\t\t\t\n\t\t<!-- MasterSlider -->\n\t\t<div id=\"P_MS60758b140db26\" class=\"master-slider-parent msl ms-parent-id-3\"  >\n\n\t\t\t\n\t\t\t<!-- MasterSlider Main -->\n\t\t\t<div id=\"MS60758b140db26\" class=\"master-slider ms-skin-default\" >\n\t\t\t\t \t\t\t\t \n\t\t\t\t<div  class=\"ms-slide\" data-delay=\"3\" data-fill-mode=\"fill\"  >\n\t\t\t\t\t<img decoding=\"async\" src=\"https:\/\/agentur-fuer-immobilien.com\/wp-content\/plugins\/master-slider\/public\/assets\/css\/blank.gif\" alt=\"Modernes-Haus-mit Pool-Agentur-Immobilien-Aschheim-Feldkirchen-Kirchheim\" title=\"\" data-src=\"https:\/\/agentur-fuer-immobilien.com\/wp-content\/uploads\/2021\/04\/Haus-mit-Pool-Agentur-fuer-Immobilien-e1618308045231.jpg\" \/>\n\n\n\t<div class=\"ms-thumb\" ><div class=\"ms-tab-context\"><div class=&quot;ms-tab-context&quot;><\/div><\/div>\n<\/div>\n\t\t\t\t<\/div>\n\t\t\t\t<div  class=\"ms-slide\" data-delay=\"3\" data-fill-mode=\"fill\"  >\n\t\t\t\t\t<img decoding=\"async\" src=\"https:\/\/agentur-fuer-immobilien.com\/wp-content\/plugins\/master-slider\/public\/assets\/css\/blank.gif\" alt=\"Freistehendes-Haus-Agentur-fuer-Immobilien-Muenchen-Aschhheim-Feldkirchen-Kirchheim\" title=\"\" data-src=\"https:\/\/agentur-fuer-immobilien.com\/wp-content\/uploads\/2021\/04\/Bauhaus-Haus-1.jpeg\" \/>\n\n\n\t<div class=\"ms-thumb\" ><div class=\"ms-tab-context\"><div class=&quot;ms-tab-context&quot;><\/div><\/div>\n<\/div>\n\t\t\t\t<\/div>\n\n\t\t\t<\/div>\n\t\t\t<!-- END MasterSlider Main -->\n\n\t\t\t \n\t\t<\/div>\n\t\t<!-- END MasterSlider -->\n\n\t\t<script>\n\t\t(function ( $ ) {\n\t\t\t\"use strict\";\n\n\t\t\t$(function () {\n\t\t\t\tvar masterslider_db26 = new MasterSlider();\n\n\t\t\t\t\/\/ slider controls\n\t\t\t\tmasterslider_db26.control('arrows'     ,{ autohide:false, overVideo:true  });\t\t\t\tmasterslider_db26.control('bullets'    ,{ autohide:false, overVideo:true, dir:'h', align:'bottom' , margin:10  });\n\n\t\t\t\tmasterslider_db26.control('scrollbar'  ,{ autohide:true, overVideo:true, dir:'h', inset:true, align:'top', color:'#404040' , margin:10  , width:4 });\n\t\t\t\t\/\/ slider setup\n\t\t\t\tmasterslider_db26.setup(\"MS60758b140db26\", {\n\t\t\t\t\t\twidth           : 1150,\n\t\t\t\t\t\theight          : 750,\n\t\t\t\t\t\tminHeight       : 0,\n\t\t\t\t\t\tspace           : 0,\n\t\t\t\t\t\tstart           : 1,\n\t\t\t\t\t\tgrabCursor      : true,\n\t\t\t\t\t\tswipe           : true,\n\t\t\t\t\t\tmouse           : true,\n\t\t\t\t\t\tlayout          : \"fullwidth\",\n\t\t\t\t\t\twheel           : false,\n\t\t\t\t\t\tautoplay        : true,\n\t\t\t\t\t\tinstantStartLayers:false,\n\t\t\t\t\t\tloop            : true,\n\t\t\t\t\t\tshuffle         : false,\n\t\t\t\t\t\tpreload         : 0,\n\t\t\t\t\t\theightLimit     : true,\n\t\t\t\t\t\tautoHeight      : false,\n\t\t\t\t\t\tsmoothHeight    : true,\n\t\t\t\t\t\tendPause        : false,\n\t\t\t\t\t\toverPause       : false,\n\t\t\t\t\t\tfillMode        : \"fill\",\n\t\t\t\t\t\tcenterControls  : false,\n\t\t\t\t\t\tstartOnAppear   : false,\n\t\t\t\t\t\tlayersMode      : \"center\",\n\t\t\t\t\t\thideLayers      : false,\n\t\t\t\t\t\tfullscreenMargin: 0,\n\t\t\t\t\t\tspeed           : 2,\n\t\t\t\t\t\tdir             : \"h\",\n\t\t\t\t\t\tparallaxMode    : 'swipe',\n\t\t\t\t\t\tview            : \"fade\"\n\t\t\t\t});\n\n\t\t\t\t\n\t\t\t\twindow.masterslider_instances = window.masterslider_instances || [];\n\t\t\t\twindow.masterslider_instances.push( masterslider_db26 );\n\t\t\t });\n\n\t\t})(jQuery);\n\t\t<\/script>\n\n\t\t\t\t<\/div>\n\t\t\t\t<\/div>\n\t\t\t\t\t<\/div>\n\t\t<\/div>\n\t\t\t\t\t<\/div>\n\t\t<\/section>\n\t\t\t\t<section class=\"elementor-section elementor-top-section elementor-element elementor-element-4c5179b elementor-section-boxed elementor-section-height-default elementor-section-height-default\" data-id=\"4c5179b\" data-element_type=\"section\" data-e-type=\"section\">\n\t\t\t\t\t\t<div class=\"elementor-container elementor-column-gap-default\">\n\t\t\t\t\t<div class=\"elementor-column elementor-col-100 elementor-top-column elementor-element elementor-element-11c6464\" data-id=\"11c6464\" data-element_type=\"column\" data-e-type=\"column\">\n\t\t\t<div class=\"elementor-widget-wrap elementor-element-populated\">\n\t\t\t\t\t\t<div class=\"elementor-element elementor-element-961a179 elementor-widget elementor-widget-heading\" data-id=\"961a179\" data-element_type=\"widget\" data-e-type=\"widget\" data-widget_type=\"heading.default\">\n\t\t\t\t<div class=\"elementor-widget-container\">\n\t\t\t\t\t<h1 class=\"elementor-heading-title elementor-size-default\">Referenzen der Agentur f\u00fcr Immobilien<\/h1>\t\t\t\t<\/div>\n\t\t\t\t<\/div>\n\t\t\t\t\t<\/div>\n\t\t<\/div>\n\t\t\t\t\t<\/div>\n\t\t<\/section>\n\t\t\t\t<section class=\"elementor-section elementor-top-section elementor-element elementor-element-07e7344 elementor-section-stretched elementor-section-boxed elementor-section-height-default elementor-section-height-default\" data-id=\"07e7344\" data-element_type=\"section\" data-e-type=\"section\" data-settings=\"{&quot;stretch_section&quot;:&quot;section-stretched&quot;}\">\n\t\t\t\t\t\t<div class=\"elementor-container elementor-column-gap-default\">\n\t\t\t\t\t<div class=\"elementor-column elementor-col-33 elementor-top-column elementor-element elementor-element-488e5c2\" data-id=\"488e5c2\" data-element_type=\"column\" data-e-type=\"column\">\n\t\t\t<div class=\"elementor-widget-wrap elementor-element-populated\">\n\t\t\t\t\t\t<div class=\"elementor-element elementor-element-626055a elementor-widget elementor-widget-image\" data-id=\"626055a\" data-element_type=\"widget\" data-e-type=\"widget\" data-widget_type=\"image.default\">\n\t\t\t\t<div class=\"elementor-widget-container\">\n\t\t\t\t\t\t\t\t\t\t\t\t<figure class=\"wp-caption\">\n\t\t\t\t\t\t\t\t\t\t<img fetchpriority=\"high\" decoding=\"async\" width=\"640\" height=\"427\" src=\"https:\/\/agentur-fuer-immobilien.com\/wp-content\/uploads\/2021\/04\/Foto-M.Kobe_.jpeg\" class=\"attachment-large size-large wp-image-444\" alt=\"Referenzen-Herr-Kobe-Kunde-Agentur-fuer-immobilien-Aschheim-Feldkirchen-kirchheim\" srcset=\"https:\/\/agentur-fuer-immobilien.com\/wp-content\/uploads\/2021\/04\/Foto-M.Kobe_.jpeg 640w, https:\/\/agentur-fuer-immobilien.com\/wp-content\/uploads\/2021\/04\/Foto-M.Kobe_-300x200.jpeg 300w\" sizes=\"(max-width: 640px) 100vw, 640px\" \/>\t\t\t\t\t\t\t\t\t\t\t<figcaption class=\"widget-image-caption wp-caption-text\">Ich lasse alle meine Immobilien \u00fcber Frau Lagneau vermieten und habe bisher nur beste Erfahrungen gemacht. Frau Lagneau hat ein besonderes Gesp\u00fcr bei der Auswahl der Mieter. Bisher hatte ich nie Problem bei der Bonit\u00e4t der Mieter.\n\n\nM. Kobe <\/figcaption>\n\t\t\t\t\t\t\t\t\t\t<\/figure>\n\t\t\t\t\t\t\t\t\t<\/div>\n\t\t\t\t<\/div>\n\t\t\t\t\t<\/div>\n\t\t<\/div>\n\t\t\t\t<div class=\"elementor-column elementor-col-33 elementor-top-column elementor-element elementor-element-6158099\" data-id=\"6158099\" data-element_type=\"column\" data-e-type=\"column\">\n\t\t\t<div class=\"elementor-widget-wrap elementor-element-populated\">\n\t\t\t\t\t\t<div class=\"elementor-element elementor-element-7c9ae30 elementor-widget elementor-widget-spacer\" data-id=\"7c9ae30\" data-element_type=\"widget\" data-e-type=\"widget\" data-widget_type=\"spacer.default\">\n\t\t\t\t<div class=\"elementor-widget-container\">\n\t\t\t\t\t\t\t<div class=\"elementor-spacer\">\n\t\t\t<div class=\"elementor-spacer-inner\"><\/div>\n\t\t<\/div>\n\t\t\t\t\t\t<\/div>\n\t\t\t\t<\/div>\n\t\t\t\t\t<\/div>\n\t\t<\/div>\n\t\t\t\t<div class=\"elementor-column elementor-col-33 elementor-top-column elementor-element elementor-element-fd5fb16\" data-id=\"fd5fb16\" data-element_type=\"column\" data-e-type=\"column\">\n\t\t\t<div class=\"elementor-widget-wrap elementor-element-populated\">\n\t\t\t\t\t\t<div class=\"elementor-element elementor-element-605b8c0 elementor-widget elementor-widget-image\" data-id=\"605b8c0\" data-element_type=\"widget\" data-e-type=\"widget\" data-widget_type=\"image.default\">\n\t\t\t\t<div class=\"elementor-widget-container\">\n\t\t\t\t\t\t\t\t\t\t\t\t<figure class=\"wp-caption\">\n\t\t\t\t\t\t\t\t\t\t<img decoding=\"async\" width=\"768\" height=\"513\" src=\"https:\/\/agentur-fuer-immobilien.com\/wp-content\/uploads\/2021\/04\/Silke-Sonnhauser-768x513.jpg\" class=\"attachment-medium_large size-medium_large wp-image-527\" alt=\"Referenzen-Frau-Sonnenhauser-Kundin-Agentur Fuer-Immobilien\" srcset=\"https:\/\/agentur-fuer-immobilien.com\/wp-content\/uploads\/2021\/04\/Silke-Sonnhauser-768x513.jpg 768w, https:\/\/agentur-fuer-immobilien.com\/wp-content\/uploads\/2021\/04\/Silke-Sonnhauser-300x200.jpg 300w, https:\/\/agentur-fuer-immobilien.com\/wp-content\/uploads\/2021\/04\/Silke-Sonnhauser-1024x683.jpg 1024w, https:\/\/agentur-fuer-immobilien.com\/wp-content\/uploads\/2021\/04\/Silke-Sonnhauser-1536x1025.jpg 1536w, https:\/\/agentur-fuer-immobilien.com\/wp-content\/uploads\/2021\/04\/Silke-Sonnhauser-2048x1367.jpg 2048w, https:\/\/agentur-fuer-immobilien.com\/wp-content\/uploads\/2021\/04\/Silke-Sonnhauser-930x620.jpg 930w, https:\/\/agentur-fuer-immobilien.com\/wp-content\/uploads\/2021\/04\/Silke-Sonnhauser-scaled-e1618824238287.jpg 700w\" sizes=\"(max-width: 768px) 100vw, 768px\" \/>\t\t\t\t\t\t\t\t\t\t\t<figcaption class=\"widget-image-caption wp-caption-text\">Ich habe das erste Mal den Service von Frau Lagneau in Anspruch genommen und war \u00e4u\u00dferst begeistert, wie reibungslos die Vermietung meiner Wohnung funktioniert hat.Ich habe selber wenig Zeit und Erfahrung mich selbst um die Vermietung zu k\u00fcmmern. Frau Lagneau hat mir alles abgenommen und einen super Mieter besorgt. Ich kann Frau Lagneau uneingeschr\u00e4nkt weiterempfehlen.               S. Sonnenhauser<\/figcaption>\n\t\t\t\t\t\t\t\t\t\t<\/figure>\n\t\t\t\t\t\t\t\t\t<\/div>\n\t\t\t\t<\/div>\n\t\t\t\t\t<\/div>\n\t\t<\/div>\n\t\t\t\t\t<\/div>\n\t\t<\/section>\n\t\t\t\t<section class=\"elementor-section elementor-top-section elementor-element elementor-element-6d778c2 elementor-section-stretched elementor-section-boxed elementor-section-height-default elementor-section-height-default\" data-id=\"6d778c2\" data-element_type=\"section\" data-e-type=\"section\" data-settings=\"{&quot;stretch_section&quot;:&quot;section-stretched&quot;}\">\n\t\t\t\t\t\t<div class=\"elementor-container elementor-column-gap-default\">\n\t\t\t\t\t<div class=\"elementor-column elementor-col-33 elementor-top-column elementor-element elementor-element-f81e4da\" data-id=\"f81e4da\" data-element_type=\"column\" data-e-type=\"column\">\n\t\t\t<div class=\"elementor-widget-wrap\">\n\t\t\t\t\t\t\t<\/div>\n\t\t<\/div>\n\t\t\t\t<div class=\"elementor-column elementor-col-33 elementor-top-column elementor-element elementor-element-2bb0fa0\" data-id=\"2bb0fa0\" data-element_type=\"column\" data-e-type=\"column\">\n\t\t\t<div class=\"elementor-widget-wrap elementor-element-populated\">\n\t\t\t\t\t\t<div class=\"elementor-element elementor-element-acfa0f3 elementor-widget elementor-widget-spacer\" data-id=\"acfa0f3\" data-element_type=\"widget\" data-e-type=\"widget\" data-widget_type=\"spacer.default\">\n\t\t\t\t<div class=\"elementor-widget-container\">\n\t\t\t\t\t\t\t<div class=\"elementor-spacer\">\n\t\t\t<div class=\"elementor-spacer-inner\"><\/div>\n\t\t<\/div>\n\t\t\t\t\t\t<\/div>\n\t\t\t\t<\/div>\n\t\t\t\t\t<\/div>\n\t\t<\/div>\n\t\t\t\t<div class=\"elementor-column elementor-col-33 elementor-top-column elementor-element elementor-element-003afdd\" data-id=\"003afdd\" data-element_type=\"column\" data-e-type=\"column\">\n\t\t\t<div class=\"elementor-widget-wrap\">\n\t\t\t\t\t\t\t<\/div>\n\t\t<\/div>\n\t\t\t\t\t<\/div>\n\t\t<\/section>\n\t\t\t\t<\/div>\n\t\t","protected":false},"excerpt":{"rendered":"<p>Referenzen der Agentur f\u00fcr Immobilien Ich lasse alle meine Immobilien \u00fcber Frau Lagneau vermieten und habe bisher nur beste Erfahrungen gemacht. Frau Lagneau hat ein besonderes Gesp\u00fcr bei der Auswahl der Mieter. Bisher hatte ich nie Problem bei der Bonit\u00e4t der Mieter. M. Kobe Ich habe das erste Mal den Service von Frau Lagneau in&hellip;&nbsp;<a href=\"https:\/\/agentur-fuer-immobilien.com\/index.php\/referenzen\/\" rel=\"bookmark\">Weiterlesen &raquo;<span class=\"screen-reader-text\">Referenzen<\/span><\/a><\/p>\n","protected":false},"author":2,"featured_media":0,"parent":0,"menu_order":0,"comment_status":"closed","ping_status":"closed","template":"page-templates\/template-pagebuilder-full-width.php","meta":{"neve_meta_sidebar":"full-width","neve_meta_container":"","neve_meta_enable_content_width":"on","neve_meta_content_width":100,"neve_meta_title_alignment":"","neve_meta_author_avatar":"","neve_post_elements_order":"","neve_meta_disable_header":"","neve_meta_disable_footer":"","neve_meta_disable_title":"on","footnotes":""},"class_list":["post-42","page","type-page","status-publish","hentry"],"_links":{"self":[{"href":"https:\/\/agentur-fuer-immobilien.com\/index.php\/wp-json\/wp\/v2\/pages\/42","targetHints":{"allow":["GET"]}}],"collection":[{"href":"https:\/\/agentur-fuer-immobilien.com\/index.php\/wp-json\/wp\/v2\/pages"}],"about":[{"href":"https:\/\/agentur-fuer-immobilien.com\/index.php\/wp-json\/wp\/v2\/types\/page"}],"author":[{"embeddable":true,"href":"https:\/\/agentur-fuer-immobilien.com\/index.php\/wp-json\/wp\/v2\/users\/2"}],"replies":[{"embeddable":true,"href":"https:\/\/agentur-fuer-immobilien.com\/index.php\/wp-json\/wp\/v2\/comments?post=42"}],"version-history":[{"count":63,"href":"https:\/\/agentur-fuer-immobilien.com\/index.php\/wp-json\/wp\/v2\/pages\/42\/revisions"}],"predecessor-version":[{"id":569,"href":"https:\/\/agentur-fuer-immobilien.com\/index.php\/wp-json\/wp\/v2\/pages\/42\/revisions\/569"}],"wp:attachment":[{"href":"https:\/\/agentur-fuer-immobilien.com\/index.php\/wp-json\/wp\/v2\/media?parent=42"}],"curies":[{"name":"wp","href":"https:\/\/api.w.org\/{rel}","templated":true}]}}