{"id":40,"date":"2021-04-06T14:32:45","date_gmt":"2021-04-06T13:32:45","guid":{"rendered":"https:\/\/agentur-fuer-immobilien.com\/?page_id=40"},"modified":"2022-04-27T14:54:45","modified_gmt":"2022-04-27T13:54:45","slug":"kauf-verkauf","status":"publish","type":"page","link":"https:\/\/agentur-fuer-immobilien.com\/index.php\/kauf-verkauf\/","title":{"rendered":"Kauf\/Verkauf"},"content":{"rendered":"\t\t<div data-elementor-type=\"wp-page\" data-elementor-id=\"40\" class=\"elementor elementor-40\">\n\t\t\t\t\t\t<section class=\"elementor-section elementor-top-section elementor-element elementor-element-0a30a95 elementor-section-boxed elementor-section-height-default elementor-section-height-default\" data-id=\"0a30a95\" data-element_type=\"section\" data-e-type=\"section\">\n\t\t\t\t\t\t<div class=\"elementor-container elementor-column-gap-default\">\n\t\t\t\t\t<div class=\"elementor-column elementor-col-100 elementor-top-column elementor-element elementor-element-326bd61\" data-id=\"326bd61\" data-element_type=\"column\" data-e-type=\"column\">\n\t\t\t<div class=\"elementor-widget-wrap elementor-element-populated\">\n\t\t\t\t\t\t<div class=\"elementor-element elementor-element-1b390a4 elementor-widget elementor-widget-wp-widget-master-slider-main-widget\" data-id=\"1b390a4\" data-element_type=\"widget\" data-e-type=\"widget\" data-widget_type=\"wp-widget-master-slider-main-widget.default\">\n\t\t\t\t<div class=\"elementor-widget-container\">\n\t\t\t\t\t\n\t\t<!-- MasterSlider -->\n\t\t<div id=\"P_MS60758ad984988\" class=\"master-slider-parent msl ms-parent-id-2\"  >\n\n\t\t\t\n\t\t\t<!-- MasterSlider Main -->\n\t\t\t<div id=\"MS60758ad984988\" class=\"master-slider ms-skin-default\" >\n\t\t\t\t \t\t\t\t \n\t\t\t\t<div  class=\"ms-slide\" data-delay=\"3\" data-fill-mode=\"fill\"  >\n\t\t\t\t\t<img decoding=\"async\" src=\"https:\/\/agentur-fuer-immobilien.com\/wp-content\/plugins\/master-slider\/public\/assets\/css\/blank.gif\" alt=\"Schluessel-von-Haus-Hauskauf-Agentur-fuer-Immobilien-Aschheim-Kirchheim-Feldkirchen\" title=\"\" data-src=\"https:\/\/agentur-fuer-immobilien.com\/wp-content\/uploads\/2021\/04\/Architektenplan-Agentur-fuer-Immobilien-scaled.jpg\" \/>\n\n\n\t<div class=\"ms-thumb\" ><div class=\"ms-tab-context\"><div class=&quot;ms-tab-context&quot;><\/div><\/div>\n<\/div>\n\t\t\t\t<\/div>\n\t\t\t\t<div  class=\"ms-slide\" data-delay=\"3\" data-fill-mode=\"fill\"  >\n\t\t\t\t\t<img decoding=\"async\" src=\"https:\/\/agentur-fuer-immobilien.com\/wp-content\/plugins\/master-slider\/public\/assets\/css\/blank.gif\" alt=\"Buerobild-Agentur-fuer-Immobilien-Aschheim-Kirchheim-Feldkirchen\" title=\"\" data-src=\"https:\/\/agentur-fuer-immobilien.com\/wp-content\/uploads\/2021\/04\/Bu\u0308robild-Agentur-fuer-Immobilien-e1618308190369-1150x750.jpg\" \/>\n\n\n\t<div class=\"ms-thumb\" ><div class=\"ms-tab-context\"><div class=&quot;ms-tab-context&quot;><\/div><\/div>\n<\/div>\n\t\t\t\t<\/div>\n\n\t\t\t<\/div>\n\t\t\t<!-- END MasterSlider Main -->\n\n\t\t\t \n\t\t<\/div>\n\t\t<!-- END MasterSlider -->\n\n\t\t<script>\n\t\t(function ( $ ) {\n\t\t\t\"use strict\";\n\n\t\t\t$(function () {\n\t\t\t\tvar masterslider_4988 = new MasterSlider();\n\n\t\t\t\t\/\/ slider controls\n\t\t\t\tmasterslider_4988.control('arrows'     ,{ autohide:false, overVideo:true  });\t\t\t\tmasterslider_4988.control('bullets'    ,{ autohide:false, overVideo:true, dir:'h', align:'bottom' , margin:10  });\n\n\t\t\t\tmasterslider_4988.control('scrollbar'  ,{ autohide:true, overVideo:true, dir:'h', inset:true, align:'top', color:'#404040' , margin:10  , width:4 });\n\t\t\t\t\/\/ slider setup\n\t\t\t\tmasterslider_4988.setup(\"MS60758ad984988\", {\n\t\t\t\t\t\twidth           : 1150,\n\t\t\t\t\t\theight          : 750,\n\t\t\t\t\t\tminHeight       : 0,\n\t\t\t\t\t\tspace           : 0,\n\t\t\t\t\t\tstart           : 1,\n\t\t\t\t\t\tgrabCursor      : true,\n\t\t\t\t\t\tswipe           : true,\n\t\t\t\t\t\tmouse           : true,\n\t\t\t\t\t\tlayout          : \"fullwidth\",\n\t\t\t\t\t\twheel           : false,\n\t\t\t\t\t\tautoplay        : true,\n\t\t\t\t\t\tinstantStartLayers:false,\n\t\t\t\t\t\tloop            : true,\n\t\t\t\t\t\tshuffle         : false,\n\t\t\t\t\t\tpreload         : 0,\n\t\t\t\t\t\theightLimit     : true,\n\t\t\t\t\t\tautoHeight      : false,\n\t\t\t\t\t\tsmoothHeight    : true,\n\t\t\t\t\t\tendPause        : false,\n\t\t\t\t\t\toverPause       : false,\n\t\t\t\t\t\tfillMode        : \"fill\",\n\t\t\t\t\t\tcenterControls  : false,\n\t\t\t\t\t\tstartOnAppear   : false,\n\t\t\t\t\t\tlayersMode      : \"center\",\n\t\t\t\t\t\thideLayers      : false,\n\t\t\t\t\t\tfullscreenMargin: 0,\n\t\t\t\t\t\tspeed           : 2,\n\t\t\t\t\t\tdir             : \"h\",\n\t\t\t\t\t\tparallaxMode    : 'swipe',\n\t\t\t\t\t\tview            : \"fade\"\n\t\t\t\t});\n\n\t\t\t\t\n\t\t\t\twindow.masterslider_instances = window.masterslider_instances || [];\n\t\t\t\twindow.masterslider_instances.push( masterslider_4988 );\n\t\t\t });\n\n\t\t})(jQuery);\n\t\t<\/script>\n\n\t\t\t\t<\/div>\n\t\t\t\t<\/div>\n\t\t\t\t\t<\/div>\n\t\t<\/div>\n\t\t\t\t\t<\/div>\n\t\t<\/section>\n\t\t\t\t<section class=\"elementor-section elementor-top-section elementor-element elementor-element-45658f9 elementor-section-boxed elementor-section-height-default elementor-section-height-default\" data-id=\"45658f9\" data-element_type=\"section\" data-e-type=\"section\">\n\t\t\t\t\t\t<div class=\"elementor-container elementor-column-gap-default\">\n\t\t\t\t\t<div class=\"elementor-column elementor-col-100 elementor-top-column elementor-element elementor-element-6be790a\" data-id=\"6be790a\" data-element_type=\"column\" data-e-type=\"column\">\n\t\t\t<div class=\"elementor-widget-wrap elementor-element-populated\">\n\t\t\t\t\t\t<div class=\"elementor-element elementor-element-ecf9e3f elementor-widget elementor-widget-heading\" data-id=\"ecf9e3f\" data-element_type=\"widget\" data-e-type=\"widget\" data-widget_type=\"heading.default\">\n\t\t\t\t<div class=\"elementor-widget-container\">\n\t\t\t\t\t<h1 class=\"elementor-heading-title elementor-size-default\">Kauf und Verkauf von Immobilien in Aschheim, Kirchheim und Feldkirchen<\/h1>\t\t\t\t<\/div>\n\t\t\t\t<\/div>\n\t\t\t\t\t<\/div>\n\t\t<\/div>\n\t\t\t\t\t<\/div>\n\t\t<\/section>\n\t\t\t\t<section class=\"elementor-section elementor-top-section elementor-element elementor-element-00be5d2 elementor-section-boxed elementor-section-height-default elementor-section-height-default\" data-id=\"00be5d2\" data-element_type=\"section\" data-e-type=\"section\">\n\t\t\t\t\t\t<div class=\"elementor-container elementor-column-gap-default\">\n\t\t\t\t\t<div class=\"elementor-column elementor-col-100 elementor-top-column elementor-element elementor-element-3b0436f\" data-id=\"3b0436f\" data-element_type=\"column\" data-e-type=\"column\">\n\t\t\t<div class=\"elementor-widget-wrap elementor-element-populated\">\n\t\t\t\t\t\t<div class=\"elementor-element elementor-element-2be0bc2 elementor-widget elementor-widget-text-editor\" data-id=\"2be0bc2\" data-element_type=\"widget\" data-e-type=\"widget\" data-widget_type=\"text-editor.default\">\n\t\t\t\t<div class=\"elementor-widget-container\">\n\t\t\t\t\t\t\t\t\t<p>\u00a0<\/p><p>Wollen Sie nicht unbedingt das Billigste, aber f\u00fcr Ihr Geld eine entsprechende Dienstleistung?<\/p><p>Erwarten Sie einen vertrauensw\u00fcrdigen Ansprechpartner, welcher sich um alles rund um die Ver\u00e4u\u00dferung \/ Kauf Ihrer Immobilie k\u00fcmmert?<\/p><p>Falls Sie eine oder beide Fragen mit \u201eJa\u201c beantwortet haben, sind Sie bei mir richtig.<\/p><p>Rufen Sie mich gleich an und vereinbaren einen pers\u00f6nlichen Beratungstermin mit mir.<\/p>\t\t\t\t\t\t\t\t<\/div>\n\t\t\t\t<\/div>\n\t\t\t\t\t<\/div>\n\t\t<\/div>\n\t\t\t\t\t<\/div>\n\t\t<\/section>\n\t\t\t\t<section class=\"elementor-section elementor-top-section elementor-element elementor-element-4f3358b elementor-section-boxed elementor-section-height-default elementor-section-height-default\" data-id=\"4f3358b\" data-element_type=\"section\" data-e-type=\"section\">\n\t\t\t\t\t\t<div class=\"elementor-container elementor-column-gap-default\">\n\t\t\t\t\t<div class=\"elementor-column elementor-col-100 elementor-top-column elementor-element elementor-element-8d9fa8b\" data-id=\"8d9fa8b\" data-element_type=\"column\" data-e-type=\"column\">\n\t\t\t<div class=\"elementor-widget-wrap elementor-element-populated\">\n\t\t\t\t\t\t<div class=\"elementor-element elementor-element-5c9b97d elementor-align-center elementor-widget elementor-widget-button\" data-id=\"5c9b97d\" data-element_type=\"widget\" data-e-type=\"widget\" data-widget_type=\"button.default\">\n\t\t\t\t<div class=\"elementor-widget-container\">\n\t\t\t\t\t\t\t\t\t<div class=\"elementor-button-wrapper\">\n\t\t\t\t\t<a class=\"elementor-button elementor-button-link elementor-size-md\" href=\"tel:00491728311637\">\n\t\t\t\t\t\t<span class=\"elementor-button-content-wrapper\">\n\t\t\t\t\t\t\t\t\t<span class=\"elementor-button-text\">Telefon Kontakt<\/span>\n\t\t\t\t\t<\/span>\n\t\t\t\t\t<\/a>\n\t\t\t\t<\/div>\n\t\t\t\t\t\t\t\t<\/div>\n\t\t\t\t<\/div>\n\t\t\t\t\t<\/div>\n\t\t<\/div>\n\t\t\t\t\t<\/div>\n\t\t<\/section>\n\t\t\t\t<section class=\"elementor-section elementor-top-section elementor-element elementor-element-7b8a366 elementor-section-boxed elementor-section-height-default elementor-section-height-default\" data-id=\"7b8a366\" data-element_type=\"section\" data-e-type=\"section\">\n\t\t\t\t\t\t<div class=\"elementor-container elementor-column-gap-default\">\n\t\t\t\t\t<div class=\"elementor-column elementor-col-100 elementor-top-column elementor-element elementor-element-173d0a7\" data-id=\"173d0a7\" data-element_type=\"column\" data-e-type=\"column\">\n\t\t\t<div class=\"elementor-widget-wrap elementor-element-populated\">\n\t\t\t\t\t\t<div class=\"elementor-element elementor-element-5d5e986 elementor-widget elementor-widget-heading\" data-id=\"5d5e986\" data-element_type=\"widget\" data-e-type=\"widget\" data-widget_type=\"heading.default\">\n\t\t\t\t<div class=\"elementor-widget-container\">\n\t\t\t\t\t<h2 class=\"elementor-heading-title elementor-size-default\">Aktuelle Angebote:<\/h2>\t\t\t\t<\/div>\n\t\t\t\t<\/div>\n\t\t\t\t\t<\/div>\n\t\t<\/div>\n\t\t\t\t\t<\/div>\n\t\t<\/section>\n\t\t\t\t<section class=\"elementor-section elementor-top-section elementor-element elementor-element-07705a6 elementor-section-boxed elementor-section-height-default elementor-section-height-default\" data-id=\"07705a6\" data-element_type=\"section\" data-e-type=\"section\">\n\t\t\t\t\t\t<div class=\"elementor-container elementor-column-gap-default\">\n\t\t\t\t\t<div class=\"elementor-column elementor-col-50 elementor-top-column elementor-element elementor-element-262829b\" data-id=\"262829b\" data-element_type=\"column\" data-e-type=\"column\">\n\t\t\t<div class=\"elementor-widget-wrap elementor-element-populated\">\n\t\t\t\t\t\t<div class=\"elementor-element elementor-element-d7b65fb elementor-widget elementor-widget-text-editor\" data-id=\"d7b65fb\" data-element_type=\"widget\" data-e-type=\"widget\" data-widget_type=\"text-editor.default\">\n\t\t\t\t<div class=\"elementor-widget-container\">\n\t\t\t\t\t\t\t\t\t<div class=\"page\" title=\"Page 2\"><div class=\"section\"><div class=\"layoutArea\"><div class=\"column\"><p><span style=\"text-decoration: underline;\">Aschheim<\/span><\/p><p>Wunderscho\u0308ne 2 Zimmer Dachterrassenwohnung in einem 5 Parteienhaus mit herrlichem Ausblick. Die Ausrichtung der Terrasse ist nach Su\u0308den.<\/p><div class=\"page\" title=\"Page 2\"><div class=\"section\"><div class=\"layoutArea\"><div class=\"column\"><p>Die Wohnung ist sehr hochwertig ausgestattet und bietet Singles oder Paaren eine optimale Raumaufteilung. Durch Einbauschra\u0308nke und Abstellkammern in der Wohnung bietet sich sehr viel Stauraum. Die Wohnung hat eine scho\u0308ne Einbauku\u0308che mit Elektrogera\u0308ten, wie Spu\u0308lmaschine, Herd, Ku\u0308hlschrank und Gefrierfach.\u00a0<\/p><p>Einige Highlights der Wohnung sind:<br \/>&#8211; heller und offener Wohn- \/ Essbereich<br \/>&#8211; offene Ku\u0308che<br \/>&#8211; gro\u00dfzu\u0308giges Schlafzimmer<br \/>&#8211; verglaste Fensterfront zur Dachterrasse<br \/>&#8211; bodentiefe Fenster<br \/>&#8211; gro\u00dfe Dachterrasse mit praktischem Abstellraum fu\u0308r Gartenmo\u0308bel und -zubeho\u0308r<br \/>&#8211; alle Zimmer mit Tageslicht<br \/>&#8211; Bad mit hochwertiger Sanita\u0308rausstattung, Waschbecken mit Unterschrank, \u00a0 \u00a0 \u00a0 \u00a0Spiegel, Badewanne<br \/>&#8211; hochwertiger Fliesenboden<br \/>&#8211; Parkettboden im Wohnbereich<br \/>&#8211; Fu\u00dfbodenheizung<br \/>&#8211; XL Tiefgaragenstellplatz<br \/>&#8211; Eigenes Kellerabteil<\/p><p>Kaufpreis: auf Anfrage<\/p><p>Provision K\u00e4ufer: 2,38% inkl. USt.<\/p><\/div><\/div><\/div><\/div><\/div><\/div><\/div><\/div>\t\t\t\t\t\t\t\t<\/div>\n\t\t\t\t<\/div>\n\t\t\t\t\t<\/div>\n\t\t<\/div>\n\t\t\t\t<div class=\"elementor-column elementor-col-50 elementor-top-column elementor-element elementor-element-2d6e021\" data-id=\"2d6e021\" data-element_type=\"column\" data-e-type=\"column\">\n\t\t\t<div class=\"elementor-widget-wrap elementor-element-populated\">\n\t\t\t\t\t\t<div class=\"elementor-element elementor-element-6e6ad3c elementor-widget elementor-widget-image-gallery\" data-id=\"6e6ad3c\" data-element_type=\"widget\" data-e-type=\"widget\" data-widget_type=\"image-gallery.default\">\n\t\t\t\t<div class=\"elementor-widget-container\">\n\t\t\t\t\t\t\t<div class=\"elementor-image-gallery\">\n\t\t\t<div id='gallery-1' class='gallery galleryid-40 gallery-columns-1 gallery-size-medium_large'><figure class='gallery-item'>\n\t\t\t<div class='gallery-icon landscape'>\n\t\t\t\t<a data-elementor-open-lightbox=\"yes\" data-elementor-lightbox-slideshow=\"6e6ad3c\" data-elementor-lightbox-title=\"Dachterrasse 2: Titelbild\" data-e-action-hash=\"#elementor-action%3Aaction%3Dlightbox%26settings%3DeyJpZCI6NjA5LCJ1cmwiOiJodHRwczpcL1wvYWdlbnR1ci1mdWVyLWltbW9iaWxpZW4uY29tXC93cC1jb250ZW50XC91cGxvYWRzXC8yMDIyXC8wNFwvRGFjaHRlcnJhc3NlLTItVGl0ZWxiaWxkLXNjYWxlZC5qcGciLCJzbGlkZXNob3ciOiI2ZTZhZDNjIn0%3D\" href='https:\/\/agentur-fuer-immobilien.com\/wp-content\/uploads\/2022\/04\/Dachterrasse-2-Titelbild-scaled.jpg'><img fetchpriority=\"high\" decoding=\"async\" width=\"768\" height=\"576\" src=\"https:\/\/agentur-fuer-immobilien.com\/wp-content\/uploads\/2022\/04\/Dachterrasse-2-Titelbild-768x576.jpg\" class=\"attachment-medium_large size-medium_large\" alt=\"\" srcset=\"https:\/\/agentur-fuer-immobilien.com\/wp-content\/uploads\/2022\/04\/Dachterrasse-2-Titelbild-768x576.jpg 768w, https:\/\/agentur-fuer-immobilien.com\/wp-content\/uploads\/2022\/04\/Dachterrasse-2-Titelbild-300x225.jpg 300w, https:\/\/agentur-fuer-immobilien.com\/wp-content\/uploads\/2022\/04\/Dachterrasse-2-Titelbild-1024x768.jpg 1024w, https:\/\/agentur-fuer-immobilien.com\/wp-content\/uploads\/2022\/04\/Dachterrasse-2-Titelbild-1536x1152.jpg 1536w, https:\/\/agentur-fuer-immobilien.com\/wp-content\/uploads\/2022\/04\/Dachterrasse-2-Titelbild-2048x1536.jpg 2048w\" sizes=\"(max-width: 768px) 100vw, 768px\" \/><\/a>\n\t\t\t<\/div><\/figure><figure class='gallery-item'>\n\t\t\t<div class='gallery-icon landscape'>\n\t\t\t\t<a data-elementor-open-lightbox=\"yes\" data-elementor-lightbox-slideshow=\"6e6ad3c\" data-elementor-lightbox-title=\"Dachterrasse 1\" data-e-action-hash=\"#elementor-action%3Aaction%3Dlightbox%26settings%3DeyJpZCI6NjEwLCJ1cmwiOiJodHRwczpcL1wvYWdlbnR1ci1mdWVyLWltbW9iaWxpZW4uY29tXC93cC1jb250ZW50XC91cGxvYWRzXC8yMDIyXC8wNFwvRGFjaHRlcnJhc3NlLTEtc2NhbGVkLmpwZyIsInNsaWRlc2hvdyI6IjZlNmFkM2MifQ%3D%3D\" href='https:\/\/agentur-fuer-immobilien.com\/wp-content\/uploads\/2022\/04\/Dachterrasse-1-scaled.jpg'><img decoding=\"async\" width=\"768\" height=\"576\" src=\"https:\/\/agentur-fuer-immobilien.com\/wp-content\/uploads\/2022\/04\/Dachterrasse-1-768x576.jpg\" class=\"attachment-medium_large size-medium_large\" alt=\"\" srcset=\"https:\/\/agentur-fuer-immobilien.com\/wp-content\/uploads\/2022\/04\/Dachterrasse-1-768x576.jpg 768w, https:\/\/agentur-fuer-immobilien.com\/wp-content\/uploads\/2022\/04\/Dachterrasse-1-300x225.jpg 300w, https:\/\/agentur-fuer-immobilien.com\/wp-content\/uploads\/2022\/04\/Dachterrasse-1-1024x768.jpg 1024w, https:\/\/agentur-fuer-immobilien.com\/wp-content\/uploads\/2022\/04\/Dachterrasse-1-1536x1152.jpg 1536w, https:\/\/agentur-fuer-immobilien.com\/wp-content\/uploads\/2022\/04\/Dachterrasse-1-2048x1536.jpg 2048w\" sizes=\"(max-width: 768px) 100vw, 768px\" \/><\/a>\n\t\t\t<\/div><\/figure><figure class='gallery-item'>\n\t\t\t<div class='gallery-icon landscape'>\n\t\t\t\t<a data-elementor-open-lightbox=\"yes\" data-elementor-lightbox-slideshow=\"6e6ad3c\" data-elementor-lightbox-title=\"Wohn : Esszimmer Ansicht 1\" data-e-action-hash=\"#elementor-action%3Aaction%3Dlightbox%26settings%3DeyJpZCI6NjEzLCJ1cmwiOiJodHRwczpcL1wvYWdlbnR1ci1mdWVyLWltbW9iaWxpZW4uY29tXC93cC1jb250ZW50XC91cGxvYWRzXC8yMDIyXC8wNFwvV29obi1Fc3N6aW1tZXItQW5zaWNodC0xLXNjYWxlZC5qcGciLCJzbGlkZXNob3ciOiI2ZTZhZDNjIn0%3D\" href='https:\/\/agentur-fuer-immobilien.com\/wp-content\/uploads\/2022\/04\/Wohn-Esszimmer-Ansicht-1-scaled.jpg'><img decoding=\"async\" width=\"768\" height=\"576\" src=\"https:\/\/agentur-fuer-immobilien.com\/wp-content\/uploads\/2022\/04\/Wohn-Esszimmer-Ansicht-1-768x576.jpg\" class=\"attachment-medium_large size-medium_large\" alt=\"\" srcset=\"https:\/\/agentur-fuer-immobilien.com\/wp-content\/uploads\/2022\/04\/Wohn-Esszimmer-Ansicht-1-768x576.jpg 768w, https:\/\/agentur-fuer-immobilien.com\/wp-content\/uploads\/2022\/04\/Wohn-Esszimmer-Ansicht-1-300x225.jpg 300w, https:\/\/agentur-fuer-immobilien.com\/wp-content\/uploads\/2022\/04\/Wohn-Esszimmer-Ansicht-1-1024x768.jpg 1024w, https:\/\/agentur-fuer-immobilien.com\/wp-content\/uploads\/2022\/04\/Wohn-Esszimmer-Ansicht-1-1536x1152.jpg 1536w, https:\/\/agentur-fuer-immobilien.com\/wp-content\/uploads\/2022\/04\/Wohn-Esszimmer-Ansicht-1-2048x1536.jpg 2048w\" sizes=\"(max-width: 768px) 100vw, 768px\" \/><\/a>\n\t\t\t<\/div><\/figure><figure class='gallery-item'>\n\t\t\t<div class='gallery-icon landscape'>\n\t\t\t\t<a data-elementor-open-lightbox=\"yes\" data-elementor-lightbox-slideshow=\"6e6ad3c\" data-elementor-lightbox-title=\"Schlafzimmer Ansicht 1\" data-e-action-hash=\"#elementor-action%3Aaction%3Dlightbox%26settings%3DeyJpZCI6NjE3LCJ1cmwiOiJodHRwczpcL1wvYWdlbnR1ci1mdWVyLWltbW9iaWxpZW4uY29tXC93cC1jb250ZW50XC91cGxvYWRzXC8yMDIyXC8wNFwvU2NobGFmemltbWVyLUFuc2ljaHQtMS1zY2FsZWQuanBnIiwic2xpZGVzaG93IjoiNmU2YWQzYyJ9\" href='https:\/\/agentur-fuer-immobilien.com\/wp-content\/uploads\/2022\/04\/Schlafzimmer-Ansicht-1-scaled.jpg'><img loading=\"lazy\" decoding=\"async\" width=\"768\" height=\"576\" src=\"https:\/\/agentur-fuer-immobilien.com\/wp-content\/uploads\/2022\/04\/Schlafzimmer-Ansicht-1-768x576.jpg\" class=\"attachment-medium_large size-medium_large\" alt=\"\" srcset=\"https:\/\/agentur-fuer-immobilien.com\/wp-content\/uploads\/2022\/04\/Schlafzimmer-Ansicht-1-768x576.jpg 768w, https:\/\/agentur-fuer-immobilien.com\/wp-content\/uploads\/2022\/04\/Schlafzimmer-Ansicht-1-300x225.jpg 300w, https:\/\/agentur-fuer-immobilien.com\/wp-content\/uploads\/2022\/04\/Schlafzimmer-Ansicht-1-1024x768.jpg 1024w, https:\/\/agentur-fuer-immobilien.com\/wp-content\/uploads\/2022\/04\/Schlafzimmer-Ansicht-1-1536x1152.jpg 1536w, https:\/\/agentur-fuer-immobilien.com\/wp-content\/uploads\/2022\/04\/Schlafzimmer-Ansicht-1-2048x1536.jpg 2048w\" sizes=\"(max-width: 768px) 100vw, 768px\" \/><\/a>\n\t\t\t<\/div><\/figure><figure class='gallery-item'>\n\t\t\t<div class='gallery-icon portrait'>\n\t\t\t\t<a data-elementor-open-lightbox=\"yes\" data-elementor-lightbox-slideshow=\"6e6ad3c\" data-elementor-lightbox-title=\"Badezimmer 1\" data-e-action-hash=\"#elementor-action%3Aaction%3Dlightbox%26settings%3DeyJpZCI6NjIwLCJ1cmwiOiJodHRwczpcL1wvYWdlbnR1ci1mdWVyLWltbW9iaWxpZW4uY29tXC93cC1jb250ZW50XC91cGxvYWRzXC8yMDIyXC8wNFwvQmFkZXppbW1lci0xLXNjYWxlZC5qcGciLCJzbGlkZXNob3ciOiI2ZTZhZDNjIn0%3D\" href='https:\/\/agentur-fuer-immobilien.com\/wp-content\/uploads\/2022\/04\/Badezimmer-1-scaled.jpg'><img loading=\"lazy\" decoding=\"async\" width=\"768\" height=\"1024\" src=\"https:\/\/agentur-fuer-immobilien.com\/wp-content\/uploads\/2022\/04\/Badezimmer-1-768x1024.jpg\" class=\"attachment-medium_large size-medium_large\" alt=\"\" srcset=\"https:\/\/agentur-fuer-immobilien.com\/wp-content\/uploads\/2022\/04\/Badezimmer-1-768x1024.jpg 768w, https:\/\/agentur-fuer-immobilien.com\/wp-content\/uploads\/2022\/04\/Badezimmer-1-225x300.jpg 225w, https:\/\/agentur-fuer-immobilien.com\/wp-content\/uploads\/2022\/04\/Badezimmer-1-1152x1536.jpg 1152w, https:\/\/agentur-fuer-immobilien.com\/wp-content\/uploads\/2022\/04\/Badezimmer-1-1536x2048.jpg 1536w, https:\/\/agentur-fuer-immobilien.com\/wp-content\/uploads\/2022\/04\/Badezimmer-1-scaled.jpg 1920w\" sizes=\"(max-width: 768px) 100vw, 768px\" \/><\/a>\n\t\t\t<\/div><\/figure>\n\t\t<\/div>\n\t\t<\/div>\n\t\t\t\t\t\t<\/div>\n\t\t\t\t<\/div>\n\t\t\t\t\t<\/div>\n\t\t<\/div>\n\t\t\t\t\t<\/div>\n\t\t<\/section>\n\t\t\t\t<\/div>\n\t\t","protected":false},"excerpt":{"rendered":"<p>Kauf und Verkauf von Immobilien in Aschheim, Kirchheim und Feldkirchen \u00a0 Wollen Sie nicht unbedingt das Billigste, aber f\u00fcr Ihr Geld eine entsprechende Dienstleistung? Erwarten Sie einen vertrauensw\u00fcrdigen Ansprechpartner, welcher sich um alles rund um die Ver\u00e4u\u00dferung \/ Kauf Ihrer Immobilie k\u00fcmmert? Falls Sie eine oder beide Fragen mit \u201eJa\u201c beantwortet haben, sind Sie bei&hellip;&nbsp;<a href=\"https:\/\/agentur-fuer-immobilien.com\/index.php\/kauf-verkauf\/\" rel=\"bookmark\">Weiterlesen &raquo;<span class=\"screen-reader-text\">Kauf\/Verkauf<\/span><\/a><\/p>\n","protected":false},"author":2,"featured_media":0,"parent":0,"menu_order":0,"comment_status":"closed","ping_status":"closed","template":"page-templates\/template-pagebuilder-full-width.php","meta":{"neve_meta_sidebar":"full-width","neve_meta_container":"","neve_meta_enable_content_width":"on","neve_meta_content_width":100,"neve_meta_title_alignment":"","neve_meta_author_avatar":"","neve_post_elements_order":"","neve_meta_disable_header":"","neve_meta_disable_footer":"","neve_meta_disable_title":"on","footnotes":""},"class_list":["post-40","page","type-page","status-publish","hentry"],"_links":{"self":[{"href":"https:\/\/agentur-fuer-immobilien.com\/index.php\/wp-json\/wp\/v2\/pages\/40","targetHints":{"allow":["GET"]}}],"collection":[{"href":"https:\/\/agentur-fuer-immobilien.com\/index.php\/wp-json\/wp\/v2\/pages"}],"about":[{"href":"https:\/\/agentur-fuer-immobilien.com\/index.php\/wp-json\/wp\/v2\/types\/page"}],"author":[{"embeddable":true,"href":"https:\/\/agentur-fuer-immobilien.com\/index.php\/wp-json\/wp\/v2\/users\/2"}],"replies":[{"embeddable":true,"href":"https:\/\/agentur-fuer-immobilien.com\/index.php\/wp-json\/wp\/v2\/comments?post=40"}],"version-history":[{"count":64,"href":"https:\/\/agentur-fuer-immobilien.com\/index.php\/wp-json\/wp\/v2\/pages\/40\/revisions"}],"predecessor-version":[{"id":644,"href":"https:\/\/agentur-fuer-immobilien.com\/index.php\/wp-json\/wp\/v2\/pages\/40\/revisions\/644"}],"wp:attachment":[{"href":"https:\/\/agentur-fuer-immobilien.com\/index.php\/wp-json\/wp\/v2\/media?parent=40"}],"curies":[{"name":"wp","href":"https:\/\/api.w.org\/{rel}","templated":true}]}}